
29
Let r = -19851 + 21524. What is the greatest common factor of r and 717?
239
Let u = 154 + -114. Suppose -6*h + 89 = -2*h + j, 2*j - u = -2*h. Suppose -p + 61 = -100. What is the greatest common factor of h and p?
23
Suppose 144 = 4*k + 2*k. Let x be k/42 + (-12)/21. Suppose -2*u - 4*t + 84 = x, -3*u + 57 = -2*u - t. What is the greatest common divisor of 13 and u?
13
Let f(y) = -14*y - 4. Let m be f(-4). Let a = 354 + -303. Let k = m - a. What is the greatest common factor of 4 and k?
1
Suppose 0 = 4*j - 15 - 557. Let d(h) = -h**2 - 15*h + 13. Let f = -21 + 6. Let q be d(f). What is the highest common divisor of q and j?
13
Let d(g) = -g**2 + 10*g. Let p be d(7). Let f(b) = 28*b + 2*b**2 - 4*b**2 + 13 - p. Let j be f(7). Calculate the greatest common factor of 10 and j.
10
Let d be (0 + (-3)/1)*(39 - -3). Let w = -101 - d. Calculate the highest common factor of 35 and w.
5
Let g = -2452 + 2529. What is the greatest common divisor of 11 and g?
11
Suppose 0 = -n - m + 19194, 4*m + 70068 = 5*n - 25956. What is the greatest common factor of 6 and n?
6
Let a = 3442 - 1029. Calculate the greatest common factor of a and 254.
127
Let o = 334 - 309. Let w be -1 + 3 + 30/1. Suppose 4*g - 68 = w. What is the highest common divisor of o and g?
25
Let z(v) = 123*v - 303. Let i be z(7). What is the highest common divisor of i and 33?
3
Let t be (-1)/(-5) - 1 - 2358/(-10). Let u = t + -219. Calculate the greatest common divisor of 144 and u.
16
Suppose 16*a + 73 - 487 - 578 = 0. Calculate the highest common factor of 65906 and a.
62
Let g be 104/10 - 4/10. Let q = 195009 - 194529. Calculate the highest common divisor of g and q.
10
Let z = 13138 - 13110. What is the highest common factor of z and 2086?
14
Let v be (-6)/(-9)*9 + (-15)/25*-20. What is the greatest common divisor of 306 and v?
18
Let d = -151 + 227. Suppose w + 78 = 2*c, -232 = -4*c - w - d. What is the highest common divisor of c and 195?
39
Suppose 31773 = -16*d + 105*d. What is the highest common divisor of d and 651?
21
Let u be (29 - 4686/88)*-4*1. What is the highest common divisor of u and 6499?
97
Suppose 3*s + 2*s = -4*b + 220, -104 = -2*b - 4*s. Suppose 0 = 4*n + 4*x - b, 4*n + 3*x - 75 = 2*x. Calculate the greatest common divisor of 260 and n.
20
Let t be ((-60)/(-8))/(3/2). Suppose z - 79 = 5*q, t*q - 19 = 4*z - 275. Let l be (-6)/10 + 1478/5. What is the highest common factor of z and l?
59
Suppose 2*b = -13*b - 14085. Let m = -891 - b. Suppose 16 = a - 0*a. What is the highest common factor of m and a?
16
Suppose 68*y - 61*y - 14 = 0. Suppose y*i + 200 = 5*b - 0*b, -2*i = -b + 32. What is the greatest common factor of 14 and b?
14
Suppose 9*m = -2943 + 3132. What is the highest common divisor of 567 and m?
21
Let y(t) = t**3 - 20*t**2 + 41*t + 7. Let g be y(23). Suppose 0 = 27*q + 16*q - g. What is the highest common divisor of q and 177?
59
Let k = 49238 + -47656. What is the greatest common divisor of 238 and k?
14
Let n = 4192 + -3182. What is the highest common factor of 10 and n?
10
Suppose -17*k + 27228 = 23896. Let f = 9 + -5. What is the greatest common factor of f and k?
4
Let l = 941 + -798. What is the highest common factor of 275 and l?
11
Let k be 69/39 + (-93)/(-403). Suppose -3*s - 58 = -4*x - s, -3*s = -2*x + 27. Let i be ((-880)/(-24))/(k/x). Calculate the greatest common divisor of 25 and i.
25
Let o(d) = -36*d**3 + d**2 + 3*d + 2. Let z be o(-1). Let g = z + -14. What is the greatest common divisor of 176 and g?
22
Let u be (1*-1)/((-7)/133). Let s = u + -15. Suppose 1496 = -77*r + 99*r. What is the highest common divisor of s and r?
4
Let j be (-40)/20 - (-70)/(-2)*-6. Let o = -184 - -188. Suppose -o*d = -3*a + 59, 2*d + d + 15 = 0. Calculate the greatest common factor of a and j.
13
Let k = -271 - -163. Let n be 2/(-18)*-1 + (-852)/k. Calculate the greatest common divisor of 2 and n.
2
Let q(b) = -2*b**3 + 62*b**2 - 116*b + 1. Let m be q(29). Suppose -t + 24 = 2*t. What is the highest common factor of m and t?
1
Suppose 5*y + 16 = 2*s + y, 5*y + 23 = 4*s. Suppose 0 = s*l + d - 32, -2*l + 3*l - 3*d - 23 = 0. What is the highest common divisor of 85 and l?
17
Let s = 9260 - 9134. What is the highest common factor of 15246 and s?
126
Suppose x + 97 = 101 + 246. Suppose -3*i = -4*a + 182, -a = 2*a - 5*i - 142. Suppose -7*j + a + x = 0. Calculate the highest common factor of j and 21.
21
Let r = -748 + 749. Calculate the greatest common factor of 223 and r.
1
Let t(x) = 3*x - 117. Let r be t(39). Suppose -2*a + 5*z + 207 = r, 18*a + 369 = 22*a + 5*z. What is the greatest common divisor of a and 240?
48
Let f(i) = -952*i + 4788. Let m be f(5). Calculate the highest common divisor of 212 and m.
4
Let g(n) = -2*n**3 + 2*n**2 + 2*n - 40. Let k be g(-3). Calculate the highest common divisor of k and 4459.
13
Let k(m) = -2*m + 341. Let g be k(103). What is the greatest common divisor of 2385 and g?
45
Suppose -l + 7*l + 60 = 0. Let x be l/(0 + -5)*28. Calculate the highest common factor of 112 and x.
56
Suppose 2*x - s = 13, 0 = -x - 4*s + 33 - 49. Suppose -6*i + 2*i = -20. Suppose 0 = -0*u - 5*u + i. Calculate the greatest common factor of u and x.
1
Let t be (6 - 84/(-2)) + -13. What is the highest common factor of t and 1722?
7
Suppose -7*w = 23*w - 90. Suppose -8*z + w*z = -550. Calculate the greatest common factor of z and 990.
110
Let v = -124 + 214. Let r = -6362 - -6392. What is the highest common factor of v and r?
30
Suppose -4*a + 278 = 5*t, 108 = 5*a + 2*t - 248. Let p be 83 + 14 + (0 - 1). Calculate the greatest common divisor of a and p.
24
Suppose -105*g - 5510 = -95*g. Let n = 665 + g. Calculate the greatest common divisor of 190 and n.
38
Let q = 816 - 423. Suppose 0 = 13*w - q - 49. Let l = 112 + -78. What is the greatest common factor of w and l?
34
Suppose -1057*f = -1061*f + 52. What is the greatest common factor of 299 and f?
13
Let z(s) = -s**2 - 23*s + 108. Let r = -212 + 189. Let g be z(r). Calculate the highest common divisor of g and 36.
36
Suppose 6 = 3*o, 2*j = -o + 2*o + 36. Let r(i) = 25*i - 47. Let c be r(-8). Let n = 304 + c. What is the greatest common factor of n and j?
19
Let v(d) = -87*d - 1509. Let a be v(-19). Calculate the greatest common factor of a and 162.
18
Let p = -161 - -343. Let b be (-10)/30*-78*(-9)/(-6). Calculate the greatest common factor of b and p.
13
Suppose -1926*m = -1935*m + 1431. Calculate the highest common divisor of m and 1007.
53
Suppose 0 = 58*o - 49*o + 36. Let d(i) = i**2 - 10*i - 8. Let g be d(o). Calculate the highest common divisor of 208 and g.
16
Suppose -5*a = 4*p - 216, -5*p - 216*a + 315 = -221*a. Calculate the greatest common factor of p and 14219.
59
Let h be 5*(6/(-5) + 0) + 170. Calculate the greatest common factor of h and 8.
4
Let l = -96 - -102. Suppose 0 = -4*g - l*r + 4*r + 188, -3*g = 5*r - 127. What is the highest common factor of g and 539?
49
Let d(p) = 47*p - 34. Let o be d(6). Let y = o + -180. What is the highest common divisor of 204 and y?
68
Let s be 1*-1 - (-4 - 0). Let a = -469 + 511. Let l be (12/a)/(2/7). What is the greatest common divisor of s and l?
1
Let f = -1602 + 1694. What is the highest common factor of f and 621?
23
Suppose 256*s = 12370 - 70 + 3060. Calculate the greatest common divisor of s and 620.
20
Suppose -5*u - 3*j + 501 - 212 = 0, -j - 165 = -3*u. What is the highest common divisor of u and 976?
8
Suppose -3*o + 669 = 3*p - 123, o - 2*p = 264. Suppose 2*f = x - 2*x + 56, o = 4*x - 2*f. Let z = x + -59. Calculate the highest common divisor of z and 5.
5
Let d(a) = 357*a + 10411. Let x be d(-29). Let i(m) = 3*m**2 - m + 7. Let s be i(-5). What is the highest common divisor of x and s?
29
Let s(p) = -45*p**3 - 4*p**2 - 2*p + 2. Let x be s(-2). Suppose 29*b - 27*b - 3*n = 4, 2*n + 40 = 4*b. Calculate the highest common divisor of b and x.
14
Let p = -967 + 1036. Suppose 0 = -3*u + 5*j + 75, 4*u - p = -4*j - 1. Calculate the highest common divisor of 115 and u.
5
Let g be -1 - (-4 - (6 - 7)). Let f(p) = 4*p**3 - p**2 + 2*p - 1. Suppose -24*r - 3 = -27*r. Let b be f(r). Calculate the greatest common divisor of b and g.
2
Suppose 5*f = -0*g + g + 544, 4*f - 412 = -5*g. Suppose -8*y + 7*y = -2*n + 111, 3*n - 165 = y. What is the highest common divisor of